31. What is r(g)?
-23
Suppose -2*u - 7*u = -18. Let q(t) = -3*t - t**u + t - 2 - 3*t + 0*t**2. Determine q(-3).
4
Let j(v) = 8 + v - 24 + 4 + 6. Let g = 20 - 13. What is j(g)?
1
Let g(k) be the second derivative of -7/3*k**3 + 0 - 1/20*k**5 + 13/2*k**2 + 7/6*k**4 - 13*k. Determine g(13).
0
Let w(k) = 3*k**2 - 2*k**2 - 23 + 3*k + 20. Suppose -4*t + 2 = 18. Calculate w(t).
1
Suppose 0 = -5*y - 5*d + 25, -2*y + 0*d + 14 = -2*d. Let a(r) be the third derivative of -1/60*r**5 + 0*r + 0 + 5*r**2 + 7/24*r**4 - 7/6*r**3. What is a(y)?
-1
Let i = 5 - 1. Let w(n) be the second derivative of n**4/12 - 5*n**3/6 + 3*n**2/2 - 42*n. What is w(i)?
-1
Let d(t) = -4*t - 2. Let s be d(2). Let c = s - -13. Let u(h) = 2*h + 3*h + 2*h**2 + 2*h**2 - 3 - c*h**2. What is u(-6)?
3
Let s(y) = y**3 - 12*y**2 - 8*y + 1. Let w be s(13). Suppose -14*n = -25*n - w. Let f(k) = -k - 7. What is f(n)?
-1
Suppose -6*x - 18*x + 48 = 0. Let q(c) = 3*c + 1. Give q(x).
7
Let d(m) = m**3 - 9*m**2 + 3*m - 10. Let u be d(9). Let q = 13 - u. Let o(x) be the first derivative of x**4/4 + x**3 - x**2/2 - 4*x - 1. Give o(q).
-16
Suppose 0 = 14*m + 5*m - 380. Let n(x) = 3 - 11*x + m*x - 5*x - x**2. Let a be 44/7 - 4/14. Determine n(a).
-9
Let y be 4 - 3/(-1 - 2). Let b(s) = -2*s + 2 - y*s + 4*s. Determine b(-3).
11
Let t(y) = y**2 + 33*y + 90. Suppose 5*g + 154 = -4*i, -5*g + i = -37 + 186. Determine t(g).
0
Let w(a) = a**3 + 11*a**2 + 10*a - 8. Suppose -15*r - 73 = 77. What is w(r)?
-8
Let y(k) = 2*k - 1. Let n(q) be the first derivative of -q**3/3 - 5*q**2 - 6*q - 5. Let w be n(-10). What is y(w)?
-13
Let c(s) = 10*s**3 + 12*s**2 - 25*s + 14. Let o(z) = -3*z**3 - 4*z**2 + 8*z - 4. Let y(i) = -2*c(i) - 7*o(i). Let g be 42/(-8) + (-1)/(-4). Calculate y(g).
5
Let v be (-332)/16 + 16 - (-2)/(-8). Let n(b) = -3*b**2 - 26*b - 14. Let q(h) = -h**2 - 9*h - 5. Let z(k) = 4*n(k) - 11*q(k). What is z(v)?
-1
Let z(h) = h + 1. Let r be z(-1). Let o(k) = -3*k - 2. Let c(n) = 2*n + 2. Let t(w) = 4*c(w) + 3*o(w). Calculate t(r).
2
Let c(a) = -a**2 - 4*a + 2. Let q be (-14)/6 + 3/18*2. Calculate c(q).
6
Let d(p) = -p**2 - p. Let l(x) = x**2 + 3*x - 1. Let q(m) = 2*d(m) + l(m). Let f be 173/(-346)*1*(-3 - -1). Determine q(f).
-1
Let u(f) = 2*f + 14. Let k be u(-9). Let h = k + 0. Let j(t) = -2*t - 8. Let l(z) = -2*z - 9. Let v(r) = -5*j(r) + 4*l(r). Give v(h).
-4
Let g(i) = i**2 - 7. Let h = 24 + -19. Determine g(h).
18
Let b(y) = 16*y**3 - y. Let w(q) = -q**2 + 11*q - 8. Let t be w(10). Suppose u + 4 + 0 = -5*s, 6 = -t*s + 4*u. What is b(s)?
-15
Let o(s) = -2*s - 11*s**2 - 184 + s**3 + 4*s**2 + 194. What is o(7)?
-4
Suppose 0 = 2*o - 4 - 2. Let l be -1 - (1 - o - 1). Let q(v) = -2*v**2 + 0*v - 2*v**l + 3*v**2 + 3*v. Determine q(5).
-10
Let o(v) be the first derivative of v**3/3 - 3*v**2/2 - 4*v - 73. What is o(5)?
6
Let s = 9 - 6. Let z be 2/6 + (-13)/s. Let w(t) = -9*t - 15. Let c(p) = 4*p + 7. Let r(h) = -13*c(h) - 6*w(h). Give r(z).
-9
Let k(j) = j**3 - 4*j**2 + 5*j - 7. Let w be (4/(-6))/((-186)/837). Determine k(w).
-1
Let k(q) = -3 - 5*q + 17 + 2*q - 8 - q**2. What is k(-5)?
-4
Let z(f) = 3*f - 2*f - 3 + 10 - 6. Calculate z(-8).
-7
Let i(t) = -8*t**3 + 7*t - 4*t**3 - 8*t**2 + 13*t**3 + 8. Determine i(6).
-22
Let q(a) = -a**2 - 6*a + 1. Let s(c) = 2*c**3 + 15*c**2 - 5*c + 21. Let f be s(-8). What is q(f)?
10
Let v be 120/(-432)*9/(-12). Let u(q) be the third derivative of 0 - 1/120*q**6 + v*q**4 + 1/3*q**3 + 0*q + 1/15*q**5 + 10*q**2. Determine u(5).
2
Let t be (-704)/(-40) - (-3)/(-5). Suppose -19*h + t*h - 10 = 0. Let v(w) = 3*w. Give v(h).
-15
Let b(g) = 14*g - 10. Let m(u) = -27*u + 18. Let d(v) = -9*b(v) - 5*m(v). Give d(1).
9
Suppose 2*y = d + 4*d + 7, -y - 7 = d. Let u(k) = k**2 + 1. Let i(v) be the second derivative of -v**4/2 - v**3/2 + 2*v. Let m(s) = y*u(s) - i(s). Give m(-4).
16
Let y(t) be the third derivative of t**7/1260 - t**6/120 - 13*t**5/30 - 29*t**2. Let a(m) be the third derivative of y(m). Determine a(4).
10
Let h(i) = i**3 - 4*i**2 + 3*i - 2. Let x be h(2). Let v(b) be the first derivative of b**2 + 6*b - 154. Calculate v(x).
-2
Let h(s) = s - 2. Let x = -312 + 314. Suppose 3*j - p = 6 - 1, 0 = 3*j - 2*p - 10. Suppose j = x*u, 3*u - 34 = -4*f - 14. Give h(f).
3
Let o be (2/6)/((-1)/(-9)). Let a(h) = -25*h**o - 3*h**2 - 6*h + 24*h**3 - 2*h**2. What is a(-4)?
8
Let x(k) = -k**3 + 8*k**2 + 4*k - 13. Let a be (-18)/6*4*6/(-9). Determine x(a).
19
Let s(a) = a - 4. Suppose 5*i + 4*k + 1 = 0, -6*i + 8*i + 2 = -2*k. What is s(i)?
-1
Let x(s) = -s. Let c be x(-11). Suppose 3 = -2*p + c. Let m(z) = -2*z - 3. What is m(p)?
-11
Let o(v) = 7 - 4 - v**2 - 5*v - v. Let j be 71/5 - (-5)/(-25). Let a = -20 + j. Calculate o(a).
3
Let o(w) = -1 - 16*w**2 - 3*w**3 - 1 - 1 - 8 - 3*w. Let s(n) = 4*n**3 + 24*n**2 + 4*n + 16. Let p(l) = 7*o(l) + 5*s(l). Give p(8).
-5
Suppose -8*q + 12 = -11*q + 3*v, -3*q - 22 = -5*v. Let u(o) = 7*o**2 + 1. Calculate u(q).
8
Let g(n) be the second derivative of -1/6*n**3 + 2*n**2 + 0 - 4*n. Give g(4).
0
Suppose -1 = 3*f - 4. Let j be f/(-4*(-2)/16). Let g(z) be the second derivative of z**4/4 + z**3/3 + 21*z. Give g(j).
16
Let u(q) = -q**2. Suppose 0 = -2*i + 7 + 3, -4*x + 2*i = 2. Suppose 0 = x*g - 10 + 8. Give u(g).
-1
Let a(n) = 1 - 715*n - 696*n + 1432*n. What is a(1)?
22
Let i(o) = -3*o**2 + 2 + 4 - 2 + o**3. Let p(x) = 28*x - 389. Let d be p(14). Give i(d).
4
Let x(w) = -2*w. Let g(i) = i**3 + 5*i**2 - 8*i - 4. Let u(o) = -g(o) + 3*x(o). What is u(-5)?
-6
Let k(a) = -a**2 + 4*a + 14. Let x be k(6). Let r(n) = 40*n**x + n - 79*n**2 + 40*n**2. Suppose 3*o = 2*o - 1. Give r(o).
0
Let y be ((-6)/7)/((-10)/(-70)). Let l(r) = r**2 - 2*r**2 - 2*r - 3*r + 8. Let q be l(y). Let p(z) = 2*z**3 - 2*z + 1. Calculate p(q).
13
Let h(y) = -2*y + 4. Let n(q) = -3*q + 4*q - 4 + 1 + 5. Let s be n(-1). Let v be s/6 - 23/(-6). Determine h(v).
-4
Let q(o) = o**2 + 7*o - 8. Let j be -6 - (-8 + 4) - -20. Let d be (-12)/5*60/j. Give q(d).
0
Let h(i) be the second derivative of -2*i**3/3 - 3*i**2/2 - 7*i. Let q(n) = n. Let t(o) = h(o) + 5*q(o). Give t(7).
4
Let h(i) = i**2 + 2. Let t(n) = 7*n**2 + 7*n + 14. Let c(q) = 6*h(q) - t(q). Suppose v - 5*g = 3*v - 17, 0 = 3*v - 2*g - 16. Let f = v - 11. What is c(f)?
8
Let m(c) be the third derivative of 1/8*c**4 - 6*c**2 + 0*c + 0 - 1/60*c**5 + 5/6*c**3. What is m(5)?
-5
Let l(u) = -u**2 + 11*u + 6. Let j(o) = -o**2 + 16*o + 7. Let t(v) = -4*j(v) + 5*l(v). Calculate t(-7).
16
Let d(y) = y + 3. Let x = 15 + -13. Suppose 0 = -x*j - 3*j + 2*z, 0 = j + 3*z. Calculate d(j).
3
Let l(g) = 4. Let v(m) = m - 14. Let c(q) = l(q) + v(q). Give c(7).
-3
Let x(y) = -3 - 3*y + 3 - 1. Suppose -5*r + 1 = -j - 0, -3*j + 14 = 2*r. Let d be 1 + -1 - 2 - r. Determine x(d).
8
Let i(t) = t**3 + 8*t**2 + 5*t - 12. Let f be i(-7). Let w(n) = -n**3 + 3*n**2 + 1. Give w(f).
5
Let t(i) be the third derivative of i**5/60 + i**4/12 + i**3/2 + 598*i**2. Let h be (-19)/4 + 2/(-8). Give t(h).
18
Let y(d) = -51*d - 51*d + 12 - 44*d - 49*d + 192*d. Calculate y(5).
-3
Let w(c) = 10*c**2 + 7*c - 10. Let y(i) = 3*i**2 + 2*i - 3. Let s(j) = 2*w(j) - 7*y(j). Suppose 0 = -2*q - 6, 2*x + 167*q = 169*q + 8. Calculate s(x).
0
Let y be 3/(-12) + ((-58)/(-8) - 1). Let l(d) = -4*d + 10*d - y*d + 2*d - 5 - d**3 - 7*d**2. Determine l(-7).
-19
Suppose -g = 5*c + 31, -3*g + 8*g = -5. Let t(w) = w**2 + 4*w - 4*w - w. Let d(v) = -v**3 - 5*v**2 + 1. Let u(z) = d(z) - t(z). Calculate u(c).
-5
Let t(i) be the third derivative of i**5/60 - i**4/24 + i**3 - 3*i**2 - 6. What is t(0)?
6
Let f(y) = -5*y - 10*y**2 + y**2 + 4 - 4*y**3 + 3*y**3 - 3 + 3*y**2. Calculate f(-5).
1
Let j(r) = -6*r**3 - 15*r**2 - 11*r + 3. Let m(z) = -7*z**3 - 16*z**2 - 10*z + 4. Let n(h) = -6*j(h) + 5*m(h). What is n(-8)?
2
Let s(w) = -3*w**3 + w**2 + w - 2. Suppose -3*h = -0*h + h. Suppose 10 = 5*m, 0 = 3*q - h*m - 3*m. What is s(q)?
-20
Let x(q) be the first derivative of -q**2/2 + 11*q + 19. Let y(u) = 2. Let s(r) = -x(r) + 4*y(r). Calculate s(3).
0
Suppose 6*o + 1 = -2*h + o, 3*o + 13 = 5*h. Let f = 37 - 25. Let d(x) = -x**2 - 3*x - x**3 + 5*x**h + 13 - f. Calculate d(2).
3
Let i(g) be the second derivative of g**4/4 + 14*g**3/3 + 2*g**2 + 29*g + 3. What is i(-9)?
-5
Let a(m) = -4*m + m**2 + 0 + 19 - 18. Let r(t) = -t - 2.